{"id":3504,"date":"2023-12-01T06:23:43","date_gmt":"2023-12-01T06:23:43","guid":{"rendered":"https:\/\/rietavomenomokykla.lt\/?page_id=3504"},"modified":"2024-05-30T07:43:38","modified_gmt":"2024-05-30T07:43:38","slug":"mokestis-uz-moksla","status":"publish","type":"page","link":"https:\/\/rietavomenomokykla.lt\/index.php\/mokestis-uz-moksla\/","title":{"rendered":"Mokestis u\u017e moksl\u0105"},"content":{"rendered":"\t\t<div data-elementor-type=\"wp-page\" data-elementor-id=\"3504\" class=\"elementor elementor-3504\" data-elementor-settings=\"{&quot;ha_cmc_init_switcher&quot;:&quot;no&quot;}\">\n\t\t\t\t\t\t<section class=\"elementor-section elementor-top-section elementor-element elementor-element-4b6b0fa elementor-section-boxed elementor-section-height-default elementor-section-height-default wpr-particle-no wpr-jarallax-no wpr-parallax-no wpr-sticky-section-no\" data-id=\"4b6b0fa\" data-element_type=\"section\" data-e-type=\"section\" data-settings=\"{&quot;_ha_eqh_enable&quot;:false}\">\n\t\t\t\t\t\t<div class=\"elementor-container elementor-column-gap-default\">\n\t\t\t\t\t<div class=\"elementor-column elementor-col-100 elementor-top-column elementor-element elementor-element-982f25a\" data-id=\"982f25a\" data-element_type=\"column\" data-e-type=\"column\">\n\t\t\t<div class=\"elementor-widget-wrap elementor-element-populated\">\n\t\t\t\t\t\t<div class=\"elementor-element elementor-element-94f9542 elementor-widget__width-initial elementor-widget elementor-widget-heading\" data-id=\"94f9542\" data-element_type=\"widget\" data-e-type=\"widget\" data-widget_type=\"heading.default\">\n\t\t\t\t<div class=\"elementor-widget-container\">\n\t\t\t\t\t<h2 class=\"elementor-heading-title elementor-size-medium\">M\u0117nesinis mokestis u\u017e moksl\u0105 meno mokykloje \u2013 20,00 Eur.  \n\nMokestis mokamas pusme\u010diais: u\u017e I pusmet\u012f (rugs\u0117jo \u2013 gruod\u017eio m\u0117n.) iki spalio 15 d., u\u017e II pusmet\u012f (sausio \u2013 gegu\u017e\u0117s m\u0117n.) \u2013 iki vasario 15 d. \u012f  AB \u201eSwedbank\u201c Rietavo Mykolo Kleopo Oginskio meno mokyklos (\u012fstaigos kodas 291816990) atsiskaitom\u0105j\u0105 s\u0105skait\u0105 LT 57 7300010002563225.\nPavedimo paskirtyje ra\u0161ykite:\nT\u0117v\u0173 \u012fna\u0161as u\u017e   MOKINIO VARDAS PAVARD\u0116 I (II)  pusme\u010dio  moksl\u0105.\n\nNegalintys sumok\u0117ti u\u017e vis\u0105 pusmet\u012f, teikia pra\u0161ym\u0105 mokyklos administracijai d\u0117l mok\u0117jimo dalimis.<br><br><\/h2>\t\t\t\t<\/div>\n\t\t\t\t<\/div>\n\t\t\t\t<div class=\"elementor-element elementor-element-4f769d9 elementor-widget elementor-widget-heading\" data-id=\"4f769d9\" data-element_type=\"widget\" data-e-type=\"widget\" data-widget_type=\"heading.default\">\n\t\t\t\t<div class=\"elementor-widget-container\">\n\t\t\t\t\t<h4 class=\"elementor-heading-title elementor-size-default\">Mokestis u\u017e moksl\u0105 Rietavo M. K. Oginskio meno mokykloje: vienam vaikui - 20 eur\u0173, kai lanko du vaikai - 30 eur\u0173 u\u017e abu, kai lanko 3 vaikai - 30 eur\u0173 u\u017e tris vaikus. Mokestis ma\u017einamas, kai nepakankamos \u0161eimos pajamos vienam asmeniui bei socialiai remtiniems asmenims (pateikus pra\u0161ym\u0105).\n<\/h4>\t\t\t\t<\/div>\n\t\t\t\t<\/div>\n\t\t\t\t\t<\/div>\n\t\t<\/div>\n\t\t\t\t\t<\/div>\n\t\t<\/section>\n\t\t\t\t<\/div>\n\t\t","protected":false},"excerpt":{"rendered":"<p>M\u0117nesinis mokestis u\u017e moksl\u0105 meno mokykloje \u2013 20,00 Eur. Mokestis mokamas pusme\u010diais: u\u017e I pusmet\u012f (rugs\u0117jo \u2013 gruod\u017eio m\u0117n.) iki spalio 15 d., u\u017e II<\/p>\n<p><a href=\"https:\/\/rietavomenomokykla.lt\/index.php\/mokestis-uz-moksla\/\" class=\"more-link\">Continue reading<span class=\"screen-reader-text\">Mokestis u\u017e moksl\u0105<\/span><\/a><\/p>\n","protected":false},"author":1,"featured_media":0,"parent":0,"menu_order":0,"comment_status":"closed","ping_status":"closed","template":"","meta":{"_monsterinsights_skip_tracking":false,"_monsterinsights_sitenote_active":false,"_monsterinsights_sitenote_note":"","_monsterinsights_sitenote_category":0,"footnotes":""},"class_list":["post-3504","page","type-page","status-publish","hentry"],"_links":{"self":[{"href":"https:\/\/rietavomenomokykla.lt\/index.php\/wp-json\/wp\/v2\/pages\/3504","targetHints":{"allow":["GET"]}}],"collection":[{"href":"https:\/\/rietavomenomokykla.lt\/index.php\/wp-json\/wp\/v2\/pages"}],"about":[{"href":"https:\/\/rietavomenomokykla.lt\/index.php\/wp-json\/wp\/v2\/types\/page"}],"author":[{"embeddable":true,"href":"https:\/\/rietavomenomokykla.lt\/index.php\/wp-json\/wp\/v2\/users\/1"}],"replies":[{"embeddable":true,"href":"https:\/\/rietavomenomokykla.lt\/index.php\/wp-json\/wp\/v2\/comments?post=3504"}],"version-history":[{"count":25,"href":"https:\/\/rietavomenomokykla.lt\/index.php\/wp-json\/wp\/v2\/pages\/3504\/revisions"}],"predecessor-version":[{"id":3645,"href":"https:\/\/rietavomenomokykla.lt\/index.php\/wp-json\/wp\/v2\/pages\/3504\/revisions\/3645"}],"wp:attachment":[{"href":"https:\/\/rietavomenomokykla.lt\/index.php\/wp-json\/wp\/v2\/media?parent=3504"}],"curies":[{"name":"wp","href":"https:\/\/api.w.org\/{rel}","templated":true}]}}